 common divisor of n and k.
13
Let u(b) be the second derivative of b**5/10 - 7*b**4/4 + b**3/3 - 22*b. Let l be u(11). Calculate the highest common factor of 26 and l.
13
Suppose -g + 0*g + 7 = 0. Suppose g*c - 8*c + d = -25, -5*c - 2*d + 90 = 0. Calculate the highest common divisor of c and 420.
20
Suppose 15*d = 9 + 21. Suppose -h + 134 = -3*u + 7*u, d*u = -2*h + 70. Calculate the highest common factor of u and 110.
11
Suppose 2*x + 4 = -4*g + 6, -x - 4*g + 7 = 0. Let u = 1 - x. Let z be 2/u + -4 + 276/9. Calculate the greatest common factor of 18 and z.
9
Suppose 16 = 4*g - 2*a, -15*a = -16*a. Suppose g*q + 16 = 0, 4*z - 28 = -q + 688. Calculate the greatest common divisor of 36 and z.
36
Let y = 3 - -60. Suppose 3*m + 0*m - 126 = 0. Calculate the highest common divisor of y and m.
21
Let h be -10 - (5 + -9) - 1/(2/(-312)). What is the greatest common factor of h and 400?
50
Suppose 5*p - 57 = -742. Let r = p + 148. What is the greatest common divisor of 1 and r?
1
Suppose s - 10*h - 825 = -5*h, -3262 = -4*s + h. Calculate the highest common factor of s and 1467.
163
Let a be (51 + -21)/((-3)/(-2)). Let l be a/60 + 94/6. Calculate the greatest common divisor of 64 and l.
16
Suppose 3*g - 16*f = -15*f + 120, 155 = 4*g - 3*f. Let o = -2 + 3. What is the highest common factor of g and o?
1
Let y be (-22)/5 + 4 + 19988/95. Calculate the greatest common factor of y and 1008.
42
Suppose 3*q + 8 + 6 = -4*v, -v = q + 4. Let u be (v - (0 - -1)) + 24. Let b be 6/u - 514/(-14). What is the greatest common divisor of b and 333?
37
Suppose 107*k - 165 = -102*k + 198*k. Calculate the highest common factor of 1965 and k.
15
Suppose 0 = -120*q + 78*q + 1008. What is the highest common factor of 52 and q?
4
Suppose 9032 + 3513 = 193*i. What is the highest common divisor of 20 and i?
5
Let x = -236 + 274. Suppose -107 = -29*a + x. Suppose -i = -2*y - 21, 5*i - 3*y = -y + 81. What is the greatest common divisor of i and a?
5
Suppose 22*r + 66 = 28*r. Suppose 5*h - 10 = -0. Suppose -h*n - l + 15 = -3, -l + 29 = 3*n. What is the greatest common divisor of r and n?
11
Suppose 7*a - 3*a - 1440 = 0. Suppose 7*c - a = -c. Calculate the greatest common factor of 315 and c.
45
Suppose 0 = -c - 2*p + 4, 3 + 20 = 4*c + p. Let f be c + 0 + -10 + 61. What is the greatest common factor of f and 3?
3
Let a = -172 - -174. Suppose -a*g = 2*m - 4*g - 552, 2*m - g - 551 = 0. What is the greatest common factor of 25 and m?
25
Let h = -227 + 477. Let b(i) = 4*i**3 - 4*i**2 + i + 2. Let r be b(2). What is the highest common factor of r and h?
10
Suppose 0 = 5*a - 8 - 92. Let k be 1 - 0 - (26 - 31). Suppose -2*u + a = 2*r - k, 0 = -u + 4. Calculate the greatest common factor of r and 72.
9
Let m(f) = -f**3 + 8*f**2 - 12*f - 8. Let w be m(6). Let n be ((-72)/45)/w - (-1994)/5. Calculate the highest common factor of 21 and n.
21
Suppose -v + 2*h - 2 = 0, 0*h + 2 = -v + 5*h. Let y be (12/(-30))/(v/(-230)). Let i = 56 + y. Calculate the greatest common divisor of i and 70.
10
Let k(b) = b - 11. Let h = 56 + -60. Let p be k(h). Let i = -3 - p. What is the highest common divisor of 30 and i?
6
Let o be (207/(-138))/((-3)/(-4)). Let w be (3 - (-3 - -10))/o - -41. Calculate the greatest common factor of 559 and w.
43
Let q be (7/(-2))/((-1)/6). Let b(w) = 46*w**2 - 3*w + 11. Let o = 1840 + -1838. Let v be b(o). What is the highest common divisor of v and q?
21
Suppose 253738 - 1967476 = -48*n + 8166. Calculate the highest common divisor of 58 and n.
29
Suppose 2*w = -4*g + 8*g - 1618, -4*w + 2*g = 3254. Let f = 920 + w. Calculate the highest common factor of f and 15.
15
Let f = -4153 - -4813. Calculate the highest common divisor of f and 270.
30
Let h(p) = 7*p**2 + 5*p - 2. Let o be h(4). Suppose 8*b - o = 390. Calculate the greatest common factor of 91 and b.
13
Let s be (-5 - (3 - 6)) + (-74)/(10/(-5)). What is the highest common divisor of s and 1561?
7
Let v(f) = 13*f - 36. Let a(c) = -c + 3. Let m(i) = -24*a(i) - 3*v(i). Let u be m(2). What is the highest common divisor of 150 and u?
6
Let x(w) = 4*w - 1. Let z be x(1). Suppose 0*y + 5*y - z*d = 0, -3*d = -3*y + 6. Let a be 1140/10*(-11)/y. Calculate the greatest common divisor of 38 and a.
38
Let d = -601 + 1280. What is the highest common divisor of 70 and d?
7
Let i = -10 - -4. Suppose 10*n = 4*n - 132. Let y be 2/(-3) - (-7)/i*n. What is the highest common factor of y and 5?
5
Suppose 0 = -95*v + 51*v + 792. Let n(w) = w**3 + w + 1. Let u be n(0). Let d be (u - 2)*2/(-1). What is the greatest common factor of v and d?
2
Suppose -b = -m - 427, -2*m + 854 = 2*b + 3*m. Let p = 428 - b. Calculate the greatest common divisor of p and 1.
1
Let t = 1368 - 939. Let y = 461 - t. Calculate the highest common divisor of y and 80.
16
Suppose 152*c - 26038 + 11348 - 26350 = 0. Calculate the highest common divisor of c and 2565.
135
Let h(d) = -d**3 + 15*d**2 - 18*d + 20. Let a be h(6). Suppose -85*k + 89*k - a = 0. What is the greatest common factor of k and 59?
59
Let l(j) = 126*j**2 - 114*j**2 + 55 + 139*j**2 - 54. Let q be l(-1). What is the greatest common divisor of q and 32?
8
Let w(j) = 3*j**2 - 15*j + 40. Let b be w(4). Suppose -4*v - 686 = -11*v. Calculate the greatest common factor of v and b.
14
Suppose -c - 69 = -4*c. Let a = c - 24. Let t be (-32)/(2/a) - 2. What is the highest common divisor of t and 49?
7
Suppose 1259*v + 0 + 3 = 1262*v. What is the highest common divisor of 797 and v?
1
Let y be (152/84)/19 - 500/(-42). Suppose 100 = 22*m - y*m. Calculate the highest common factor of 1250 and m.
10
Let s be 756/156 + 3/((-78)/(-4)). Suppose 4*q - 535 = -s*g + 186, q = 5*g - 726. What is the highest common factor of g and 29?
29
Suppose -2*m = 5*g + 100, -3*g - 33 = -4*m + 1. Let x = -24 - g. Let o be 12 - (x/(-3) - 5). What is the highest common divisor of 3 and o?
3
Suppose -1 = -2*y + 7. Suppose y*f + 2*g = 6*g + 560, 3*f - 426 = -3*g. Let t = f + -81. Calculate the highest common divisor of t and 12.
12
Let g = -49 - -73. Suppose -1260 = -14957*r + 14942*r. What is the highest common divisor of r and g?
12
Suppose 44*l - 32 = 36*l. Let a be 12 - (-1 + l)/3. Calculate the highest common factor of a and 187.
11
Suppose -789 + 2736 = 11*y. Let l be (-22)/33 - (1 + y/(-9)). What is the highest common divisor of l and 198?
18
Suppose 4*o = -3*z + 76, -2*z = -3*o + 7*o - 56. Suppose -188 = 4*v - b - 221, 5*v - 43 = 3*b. What is the highest common factor of v and z?
4
Suppose -5*b = o - 68, 0 = 4*o + 15*b - 13*b - 236. Calculate the highest common divisor of 1479 and o.
29
Let h be -1175*(-39)/65 - -3. What is the greatest common factor of 66 and h?
6
Let b(g) = 4*g**2 + g - 1. Let c be b(-3). Let x(y) = -114*y + 73. Let s be x(6). Let f = s - -691. What is the greatest common factor of f and c?
16
Let x(r) = -3641*r - 5994. Let h be x(-3). Calculate the greatest common factor of 465 and h.
93
Let k = -223 + 328. Let n = 276 - k. Calculate the highest common divisor of n and 45.
9
Let g = -2435 - -2503. What is the highest common factor of g and 9044?
68
Let c = 3967 + -3757. What is the highest common divisor of c and 30?
30
Suppose 0 = 12*c + 976 - 2692. Suppose 3450 = 149*b - c*b. Calculate the highest common divisor of 25 and b.
25
Let p(n) = -26 + 60*n - n**3 + 51*n - 166*n + 57*n + 10*n**2. Let d be p(7). What is the greatest common divisor of 30 and d?
15
Let m be 2*-1*(-6)/((-84)/(-217)). Let p be (-3)/3 + m + 7. What is the highest common divisor of p and 296?
37
Suppose 0 = -687*p + 712*p - 1200. What is the highest common factor of 11568 and p?
48
Let s(y) be the second derivative of -y**4/6 - 22*y**3/3 + y**2/2 + 34*y + 1. Let a be s(-22). Calculate the greatest common divisor of 13 and a.
1
Suppose -33*b - 4*g = -31*b - 3350, -3*g - 1680 = -b. Calculate the greatest common divisor of b and 130.
13
Suppose 5*r + 5*y = 238 + 177, -2*r - y = -166. Let h = r - 79. Suppose w = 48 - h. What is the greatest common factor of 33 and w?
11
Let l be (-48)/4*3/(-6). Let v(w) = 114*w - 18. Let z be v(1). Calculate the highest common factor of l and z.
6
Let i be 3 + -8 + 38 - 1. Let f = 441 - 297. What is the highest common factor of i and f?
16
Let d be (203 + -200 - 5/1)*368/(-2). What is the greatest common factor of d a